4/4 - 4*l**3/3 + 5*l**2/2 - 3*l + 10. Suppose 10 = 2*i + 2. Suppose -5*d = -4*m + 42 - 5, 2*m + 14 = -i*d. Give g(d).
-3
Let h be (-2)/(-4) + 39/6. Suppose 24 = -v + 4*i, 3*v + 3*i + 5 = -h. Let d be (-2)/v*10*-2. Let x(f) = -f - 10. Determine x(d).
-5
Let q(h) = 2 + 37*h**2 - 6*h - 19*h**2 - 17*h**2 - 4. Determine q(5).
-7
Let w = 137 + -149. Let j(a) be the third derivative of a**4/24 + 2*a**3 - 7*a**2. Give j(w).
0
Let m(h) = 2*h**3 - 9*h**2 - 5*h + 8. Let o be m(5). Let j(p) = p**2 - 9*p + 10. Calculate j(o).
2
Let b(h) = 860*h + 2 + 1 + 3 - 861*h. What is b(10)?
-4
Let r(b) = -b**2 + 4*b + 6. Suppose 6 = -2*f, -6*c + 31 = -c - 2*f. Calculate r(c).
1
Let t(v) = v + 3. Let n be t(3). Let h(s) = -5 + s**2 - 3 - 6 - 3 + 9 - 3*s. Calculate h(n).
10
Let j be (78/8)/((-3)/(-8)). Let a(z) = -z + 2*z - j - 29 + 57. Calculate a(-6).
-4
Suppose 96*j - m = 98*j - 11, 0 = -j - m + 7. Let v(y) = y**3 - 3*y**2 - 7*y + 8. Determine v(j).
-4
Suppose -q = 2*v - 2 + 6, 2*q + 8 = -v. Suppose v = -4*o + 2*a + 18, 5*a = 4*a - 1. Let y(c) = -c**3 + 5*c**2 - 6*c + 2. Determine y(o).
-6
Let i(g) = -23*g - 12. Let l(k) = -13*k - 6. Let z(t) = 4*i(t) - 7*l(t). Determine z(-8).
2
Let l(p) = p + 6. Let a(c) = -3. Let i(m) = 1. Let v(u) = -2*a(u) - 5*i(u). Let f be 3*1/(-3)*14. Let t(n) = f*v(n) + 2*l(n). Give t(-5).
-12
Suppose 20 = 2*s + 14. Suppose -11 = 3*d + 4*r, -s - 6 = -d + 5*r. Let c(m) = 5*m**3 + 1. Give c(d).
-4
Let x(w) = -6*w + 15. Suppose -7*s + 10*s + 39 = 0. Let j(a) = 3*a - 7. Let q(m) = s*j(m) - 6*x(m). Suppose -1 + 20 = -y - 5*o, 0 = -2*o - 8. What is q(y)?
-2
Let r(c) = 99*c + 892. Let z be r(-9). Let p(s) = -15*s**2. Determine p(z).
-15
Let t(h) = -11*h + 81. Let b be t(7). Let p(x) = -x**2 + x + 5. Determine p(b).
-7
Let l(t) = 5*t**2 - 6*t - 24. Let y(w) = -9*w**2 + 12*w + 45. Let o(c) = -11*l(c) - 6*y(c). Give o(-4).
2
Let t(g) = -2*g. Suppose 80 = 4*z + 80. Give t(z).
0
Let o be ((-55)/(-6) - 5/(-10))*3. Suppose 0 = -10*v - o + 19. Let c(d) = 11*d**3 + d**2 + d + 1. What is c(v)?
-10
Let x(i) = i - 1. Suppose y - 9 - 7 = -3*o, o + y = 8. Suppose -5*p - 4*u + 7 = 0, -6*p + 4 = -o*p + u. What is x(p)?
2
Let g(n) be the second derivative of n**3/6 + n**2/2 + n. Suppose 6*s = -40 + 22. Let h be ((2 - (s - -3)) + -3)*5. Determine g(h).
-4
Suppose -2*c = -7*c - 5*g - 10, 0 = 2*c - 5*g + 11. Let j(t) = 6*t + 18. Determine j(c).
0
Let m(r) be the second derivative of -r**7/2520 - r**6/240 + 7*r**5/120 + r**4/6 + 10*r. Let f(b) be the third derivative of m(b). Give f(-5).
-3
Let x(l) = 33 + 24 + 9*l**2 + 33 - l - 90. Calculate x(-1).
10
Let d(f) = -f**2 - 3*f + 1. Let v = -2 + -3. Let s be d(v). Let m = s - -14. Let l(q) = q**2 - 6*q - 1. Calculate l(m).
-6
Let r = 4 - 2. Let l(g) be the first derivative of 10 + 2*g**2 - 2/3*g**3 + 1/4*g**4 - 3*g. Determine l(r).
5
Let j(r) = 6*r**2 - 4*r + 2. Let q be j(-3). Let f = 63 - q. Let m(w) = -w - 7. Determine m(f).
-2
Let m(s) = -s**3 + 3*s**2 - 6*s + 6. Let k be (-120)/(-300) - (-2 - 26/10). Determine m(k).
-74
Let h be -7 + 0/(1 - 0). Let u(z) be the first derivative of z**3/6 + 13*z**2/2 + 2*z - 3. Let w(p) be the first derivative of u(p). Calculate w(h).
6
Let p(a) = -4*a**2 - 27*a - 37. Let b(n) = 2*n**2 + 14*n + 23. Let t(i) = 7*b(i) + 4*p(i). Calculate t(-9).
-59
Let p(n) = n + 5. Suppose y - b + 18 = -4*y, 3*b - 6 = 3*y. Let j be (-3)/(-3) - (-4)/y. Suppose -v - 2*v - 2*h - 8 = j, 0 = -v - 4*h + 4. Give p(v).
1
Let j(b) = -10*b + 24. Let d(i) = 7*i - 16. Let u(m) = 7*d(m) + 5*j(m). Let v(s) = s - 23. Let a be v(31). What is u(a)?
0
Let j(p) = -2*p**2 - 4*p + 4. Let b(f) = -f**3 - 9*f**2 + 11*f + 13. Suppose 12*v = -0*v - 120. Let z be b(v). Calculate j(z).
-26
Let m be (-14 - 0)/(-2) - 5. Let i(a) = -2*a**m - 17*a + 3*a**2 + 8*a - 4 + 3*a. Determine i(6).
-4
Let h(g) = -g**3 + 8*g**2 - 8*g + 10. Let m be h(7). Suppose 5*f - y = -5*y + 91, 5*f - 98 = m*y. Let l(c) = -f*c**2 + 1 + 45*c**2 - 25*c**2. What is l(2)?
5
Let v = 70 - 65. Let t(n) = -n + 2 + 4*n - 2*n. Determine t(v).
7
Let i be ((-28)/42)/(0 - 3/(-36)). Let n(z) = -z**3 - 9*z**2 - 10*z - 5. Give n(i).
11
Let t(k) = k**3 + 15*k**2 - 18*k - 27. Let s(c) = -12*c**2 - 6*c - 10. Let l be s(-1). Give t(l).
5
Let b(c) be the third derivative of -c**5/60 + 3*c**4/8 - c**3/3 - 212*c**2. Calculate b(9).
-2
Let s(p) be the first derivative of p**4/4 - 11*p**3/3 + 5*p**2 + 13*p - 117. Give s(10).
13
Let w be (-3)/18 - 7/(-6). Let p = 26 + -24. Let n(d) = 5*d - 1 - p*d - 14*d**2 - d. Calculate n(w).
-13
Let r(f) = f - 2 + 0 + 3. Suppose -7*t = -11*t + 4. Suppose 19*w = 20*w + t. Determine r(w).
0
Let u(p) = 26*p + 4. Suppose 88*r + 164 = 6*r. Determine u(r).
-48
Let v be ((-4)/(-1) - -87) + 1. Let c = 87 - v. Let u(l) = -l**2 - 6*l. Give u(c).
5
Suppose -1 + 14 = f. Suppose 10*b - 3 = f*b. Let w(a) = -4*a**3 - a**2. Give w(b).
3
Let r(h) = -34102 + 17043 + 17099 + 5*h. Calculate r(-6).
10
Let a(u) = 2*u - 6*u**2 + 3*u**2 + 10*u**2 - 2*u**2. Calculate a(-2).
16
Let i(k) = -3*k**3 - 8*k**2 + 15*k - 17. Let h(n) = n**3 + 5*n**2 - 8*n + 8. Let m(c) = -5*h(c) - 2*i(c). Calculate m(8).
10
Let y be (-97)/582 - 13/(-6). Let k(v) = 2*v**3 - 4*v**2 + 5*v - 2. Determine k(y).
8
Suppose 3*o + s - 8 = 0, o + 2*s + 17 = 6*o. Let i(q) = 5 - 7 + q**o - q - 2*q. Let p be (-9)/6 - 1/2. Give i(p).
-4
Suppose 0 = 6*k + 2*k. Suppose -2*w - w = 2*s - 19, 5*s + 4*w - 37 = k. Let o(h) = -h**3 + 6*h**2 - 5*h - 7. Give o(s).
-7
Let m(p) be the third derivative of -p**5/4 + p**4/12 + p**3/3 + 202*p**2. What is m(2)?
-54
Let h(w) be the first derivative of -5*w - 16 + 5/2*w**2 - 1/3*w**3. Give h(6).
-11
Suppose 7 = 2*b - 5*x, 0*b - 5*x - 11 = -b. Let c = 0 - b. Let k(v) be the first derivative of -v**2 + v - 125. Determine k(c).
-7
Suppose -3*k = 2*k - 10. Let v(f) = f**3 + 9*f**2 - f**k - 21*f**2 - f - 6 + 7*f**2. Suppose 6 = -3*b + 4*b. Determine v(b).
-12
Let v(x) = x**2 - 9*x - 15. Let t = 1008 - 1000. Calculate v(t).
-23
Suppose -2*g + 7*g = 5*j + 20, 5*j - 2*g = -14. Let c(m) = 0*m + 5*m + m. Determine c(j).
-12
Let b = -160 + 144. Let l = b - -17. Let s(d) = -d**2 + 0 - d**2 - 1. Determine s(l).
-3
Let a(d) = -2 + 12*d + 14*d**2 + 12*d**2 - 12*d - 23*d**2 + 2*d**3. What is a(1)?
3
Let p(k) = -3*k + 1. Suppose -5*o - 18 = -13. What is p(o)?
4
Let j(n) = -2*n + 8. Let v be j(-7). Suppose -x - 4 = 0, -4*x = -2*k - x + v. Let s(q) be the third derivative of q**5/60 - q**4/4 - q**3 + q**2. Give s(k).
-11
Let n(h) = -h**3 + 2*h**2 - 3*h + 3. Let i be (27/(-54) + (-1)/(-1))*4. Determine n(i).
-3
Let z be -1*(2/27 + 1146/(-162)). Let s(l) be the third derivative of l**6/120 - 7*l**5/60 + l**3 - l**2. Calculate s(z).
6
Let r(p) = -p**2 + p - 2. Let k be r(2). Let w = k + 7. Let b(f) = -f**3 + 3*f**2 + 2*f + 2. Give b(w).
8
Suppose -7*f = -2*f. Let s(k) be the third derivative of 1/60*k**5 + 11/6*k**3 + 0*k + 1/24*k**4 + 0 - 2*k**2. Calculate s(f).
11
Let b be 1 + 0 + 1 + -2. Let m(h) be the second derivative of h**6/720 + h**5/60 - 3*h**4/4 - 3*h. Let z(f) be the third derivative of m(f). Give z(b).
2
Let n be (3 - -4)*(-4 + 102/21). Let i(f) = -4*f + 11. Calculate i(n).
-13
Let k = 64 - 59. Let j(p) = -5 + 5 + 6*p - p**2. What is j(k)?
5
Let v(k) be the second derivative of -k**3 - 3*k**2/2 + 63*k. Give v(4).
-27
Let s(b) = 4*b**3 + 11*b**2 + 6*b - 10. Let a(o) = -5*o**3 - 11*o**2 - 5*o + 11. Let j(g) = 5*a(g) + 6*s(g). What is j(12)?
-17
Let c(j) = -2*j**3 + 6*j**2 + 6*j - 3. Let s be c(4). Let n(v) = -v**2 + 8*v - 7. Let h(i) = -3*i**2 + 24*i - 21. Let f(w) = s*n(w) + 4*h(w). Give f(7).
0
Let k(m) = 2*m**2 + 1014 - 2036 + 1021 + m. Calculate k(1).
2
Let d(g) = 2*g + 5*g + 3*g**2 + 5091 - 4*g - 5086. Give d(-4).
41
Let c(v) be the second derivative of v**5/15 - v**4/12 + 12*v**2 + 23*v. Let x(k) be the first derivative of c(k). Determine x(2).
12
Suppose 3*m - 2*o = -m + 6, 5*o = -5. Let j(p) be the first derivative of 7*p**3/3 + 13. Calculate j(m).
7
Suppose -13*q + 18*q - 50 = 0. Let b(f) = f + 10. Let u be b(0). Let k(c) = -q*c + u*c - 4*c**2. Give k(1).
-4
Let p(s) = -9*s + 12. Let u(x) = -5*x + 7. Let n(v) = -v**3 - 9*v**2 - 11*v - 20. Let i be n(-8). Let t(b) = i*p(b) - 7*u(b). Calculate t(9).
-10
Let y(z) = -z**2 + 49*z + 17 - 16 - 51*z. Determine y(-2).
1
Let n(a) = a*